0. Let c be a/6*(-15)/(-20). Suppose 14 = c*v - 8. Calculate the remainder when 19 is divided by v.
8
Suppose 0 = -3*u + 7 + 14. Suppose -7 = -3*o + 8. What is the remainder when u is divided by o?
2
Let g = 6 + 5. Let n = -9 - -15. Calculate the remainder when g is divided by n.
5
Let p = -13 + 19. Calculate the remainder when 15 is divided by ((-2)/(-1) - 0) + p.
7
What is the remainder when ((-20)/(-8))/((-1)/(-6)) is divided by 4?
3
Let m(n) = -77*n**3 - n**2 + 3*n + 3. What is the remainder when m(-1) is divided by 27?
22
Suppose 2*n + 45 = s, 0*s - 2*n - 131 = -3*s. What is the remainder when s is divided by 11?
10
Calculate the remainder when (3 - 4)*-11*1 is divided by 4.
3
Suppose -5*w - 3 = 2. Let o be 4/(-2)*(0 + w). Suppose -h = 5*r - 12, -o*h = -r - 3*r - 38. What is the remainder when 32 is divided by h?
15
Let n(o) = 12*o**2 - 2*o + 2. Calculate the remainder when n(2) is divided by 16.
14
Suppose 14 + 46 = 5*w. Let a = 18 + w. Calculate the remainder when a is divided by (-1 + 7)/2 - -8.
8
Suppose 4 - 34 = -m. Suppose -4*s + 5*x + 2 = m, 8 = 2*x. Let q(b) = 3*b**2 - 3*b - 2. What is the remainder when q(s) is divided by 9?
7
What is the remainder when 67 is divided by -18*(3 + -4) + -1?
16
Let y(c) = -9*c - 3. Suppose 0*v - 3*v - 9 = 0. Calculate the remainder when y(v) is divided by 9.
6
Suppose g + 4*g - 255 = 0. Suppose -3*y + 5*w = -g, w + 63 = 4*y - 4*w. Calculate the remainder when 35 is divided by y.
11
Let k = -45 + 56. What is the remainder when 28 is divided by k?
6
Suppose 0 = 5*v + 5*z + 175, -2*v + 3*v + 26 = 2*z. Calculate the remainder when 62 is divided by (v/(-40))/(1/20).
14
Suppose 15 = 2*c - 11. Let g be 0*(0 - 2 - -1). Suppose 4*p = -g*p + 96. What is the remainder when p is divided by c?
11
Let s(a) = -4*a**2 + 3*a - 2. Let w be s(1). What is the remainder when 15 is divided by 4 - 5 - w - -7?
6
Suppose -3*k - 3*g = -90, -30 = -k + 6*g - 4*g. Calculate the remainder when k is divided by 8.
6
Let r be 5/25 - 46/5. Let p = 11 + r. What is the remainder when 4 is divided by p?
0
Let f(b) = -3*b - 12. What is the remainder when 3 is divided by f(-5)?
0
Suppose 5*v - 40 = -7*w + 4*w, -5*v = -3*w + 50. What is the remainder when 27 is divided by w?
12
Calculate the remainder when 208/2 + 0 + 3 is divided by 36.
35
Let q = -39 - -64. Let u(s) = 2*s**2 + 5*s + 6. What is the remainder when q is divided by u(-3)?
7
Let j be ((-1)/(-2))/((-1)/(-4)). Calculate the remainder when 38 - (2 + j/(-2)) is divided by 13.
11
Let i = 2 - -28. What is the remainder when i is divided by ((-7)/(21/(-48)))/2?
6
Let d(r) = -r - 4. Suppose -z + 9 = 2*z. Suppose z*t = -g - 1, 0 = 4*t - 2*t + 4. What is the remainder when g is divided by d(-7)?
2
Suppose 8*f + 59 = 99. Suppose 0 = 3*w + 2*l + 2 - 31, 5*w - l - 70 = 0. What is the remainder when w is divided by f?
3
Calculate the remainder when 2/(-3 + (-80)/(-26)) is divided by 7.
5
Let b(k) = k**3 + 5*k**2 - 6*k - 2. Let q be (-6)/(-2)*5/(-5). Let c(v) = v**3 + 6*v**2 + 5*v - 2. What is the remainder when b(-5) is divided by c(q)?
8
Let x(z) = -7*z - 1. Calculate the remainder when x(-6) is divided by 11.
8
Suppose 5*r = 20 - 0. Suppose -3*k + 67 = 4*g, -r*g + 3*k = -2*g - 29. Calculate the remainder when 8*((-46)/(-8) - 2) is divided by g.
14
Suppose -92 = -5*b - 12. Let q = 13 - 26. Let v = q - -19. Calculate the remainder when b is divided by v.
4
Suppose 5*w = -56 + 176. Calculate the remainder when 142 is divided by w.
22
Let w(k) = 5*k**2 + 4*k. Calculate the remainder when w(3) is divided by 21.
15
Let c(d) = -d**3 - 6*d**2 + 6*d - 2. Let t be c(-7). Suppose t*u + 4*l = 66, -3*u + 4*l - 13 + 59 = 0. What is the remainder when u is divided by 4?
2
Let x = 122 - 95. Calculate the remainder when x is divided by 11.
5
Suppose -4*g + 2*i = -28, 4*g - 18 = -i - 2. Calculate the remainder when g is divided by 4.
1
Let l(f) = -f**3 + 5*f**2 + 2*f. Let v = -124 - -72. What is the remainder when l(3) is divided by (0 - 1)*v/4?
11
Let i(t) = 3*t**3 + 3*t**2 - 3*t + 1. Calculate the remainder when 19 is divided by i(1).
3
Let n(k) = k**3 - 21*k**2 + 3*k + 1. Calculate the remainder when n(21) is divided by 24.
16
Let k(f) = f**2 - 12. Calculate the remainder when 50 is divided by k(5).
11
Let d = 8 + -2. Let u(l) be the first derivative of 5*l**2/2 - 7*l + 1. What is the remainder when u(d) is divided by 12?
11
Let n(f) = 3*f**2 - 3*f - 4. Suppose 4*z - 2*z + 3*r = 116, 47 = z - 4*r. Suppose -3*s + z = -65. What is the remainder when s is divided by n(3)?
12
Suppose -4*q = -3*s + 27, 10 = -2*q - 5*s + 3. What is the remainder when 11 is divided by (-52)/(-14) + q/(-21)?
3
Let q(h) = -9*h - 19. What is the remainder when 47 is divided by q(-4)?
13
Calculate the remainder when 14 is divided by 2/8 - (-88)/32.
2
Let r be 192/18*(7 - 1). Suppose r = 5*w - z, -z = w + z - 15. What is the remainder when 38 is divided by w?
12
Suppose -20 = -2*k - n, 0 = -7*k + 2*k - 4*n + 56. What is the remainder when 62 is divided by k?
6
Let r be 3 - (0 + (4 - 3)). Suppose -5*y + r*y + 9 = 0. What is the remainder when y is divided by (-1 - 0)*(4 + -7)?
0
Let w be (-4 - 1)*(-2)/5. Let k be -2 - (-2 + w + -5). Suppose -4*f = -f + 3*p - 12, k*p = -9. What is the remainder when 13 is divided by f?
6
Let p(w) = -4*w + 3. Let k be p(-2). Let l = -3 - -4. Let n = k - l. What is the remainder when 28 is divided by n?
8
Suppose -4*u = -2*y + 6 - 432, -303 = -3*u - 4*y. Calculate the remainder when u is divided by 36.
33
Suppose 9*v - 192 = 6*v. What is the remainder when v is divided by 19?
7
Suppose -d = -4*p - 5, 1 = -2*p - 2*d + 11. Suppose p = -n - 3*m - 6, n + 4*n + 2*m = -17. Calculate the remainder when 4/(-6) + (-20)/n is divided by 2.
0
Let t(k) = k**3 + 10*k**2 - 4*k - 1. What is the remainder when 191 is divided by t(-10)?
35
Let z = 4 + 2. Let v = 3 - 3. Suppose v*s + 17 = s. Calculate the remainder when s is divided by z.
5
Calculate the remainder when 18 is divided by 390/54 - (-6)/(-27).
4
Calculate the remainder when 44 is divided by 1/(-5) + (-82)/(-10).
4
Suppose -34 = -5*w + 226. Suppose -7*a + w = -81. What is the remainder when 75 is divided by a?
18
Suppose 2*d + 2 = -2. Suppose -5*i - h + 11 + 2 = 0, 4*i - 4*h = -4. Calculate the remainder when 2*1/((-1)/d) is divided by i.
0
Let l(c) = -3*c - 7. Let p = 3 - 1. Let x be -5 + 0 - (p + -2). Calculate the remainder when 14 is divided by l(x).
6
Let t(s) = s**3 - 2*s**2 + 2*s - 3. Let o be t(3). Let y = o + -5. Calculate the remainder when y is divided by 5.
2
Suppose -5*s = 5*x - 165, x + 0*x = 2*s - 63. Let c(w) be the first derivative of w**2/2 + 6*w + 1. What is the remainder when s is divided by c(5)?
10
Let r = 36 + 51. What is the remainder when r is divided by 15?
12
Suppose 0 = 2*t - j - 94, 4*t + 3*j + 186 = 8*t. Let a be t/14*(3 - -4). Let f = -17 + a. What is the remainder when f is divided by 4?
3
Let m(x) = -8*x - 3. Let v be m(-5). Let a = 52 - v. Calculate the remainder when ((-38)/(-5) - 2)*5 is divided by a.
13
Suppose -3*s = m - 0*m + 28, -4*m - s - 156 = 0. Let p = m - -87. Calculate the remainder when p is divided by 12.
11
Suppose -24*r + 26*r - 52 = 0. What is the remainder when 76 is divided by r?
24
Calculate the remainder when (-504)/(-14)*8/6 is divided by 17.
14
Suppose -3*n - 20 = -m, -3*m + 2*n + 113 = 2*m. What is the remainder when 42 is divided by m?
19
Let u(o) be the first derivative of o**3/3 - o**2/2 + 4*o + 1. Suppose 3*n - 2*n + 5 = 0. Calculate the remainder when u(n) is divided by 12.
10
What is the remainder when 47/9 + (-1 - 28/(-36)) is divided by 2?
1
Let p = 75 - 52. What is the remainder when p is divided by 8?
7
Let y = 18 - 15. Calculate the remainder when 7 is divided by y.
1
Let f = -181 - -256. What is the remainder when f is divided by 13?
10
Let p(v) = -v**3 - 11*v**2 - 10*v + 12. Calculate the remainder when 22 is divided by p(-10).
10
Suppose -4*v + 61 = m - 20, 90 = 5*v + 5*m. What is the remainder when v is divided by 8?
5
Let o be (-28)/(-42) - (-2)/6. What is the remainder when 61 is divided by (3 + o)/(1/4)?
13
Let r be 3*(0 + 1 - 3). Let i(u) = -9*u**2 + 4*u**3 + 3*u**2 - 5*u**3 - 4 - 3*u. What is the remainder when i(r) is divided by 5?
4
Suppose 0*r - 2*r - h = -15, -5*h = 5. Le